{"id":29,"date":"2023-01-05T16:13:36","date_gmt":"2023-01-05T16:13:36","guid":{"rendered":"https:\/\/www.verbalredaktion.de\/?page_id=29"},"modified":"2024-03-07T12:24:43","modified_gmt":"2024-03-07T12:24:43","slug":"uber-mich","status":"publish","type":"page","link":"https:\/\/www.verbalredaktion.de\/?page_id=29","title":{"rendered":"\u00dcber mich"},"content":{"rendered":"\n<p><strong>Wie ich Texterin wurde<\/strong><\/p>\n\n\n\n<p>1<strong>994 \u2013 2008<\/strong><\/p>\n\n\n\n<p>Film- und Fernsehwissenschaften, amerikanische und skandinavische Literatur das waren meine Studienf\u00e4cher in Bochum und Stockholm. Und nach wie vor liebe ich beide St\u00e4dte, auch wenn sie, wei\u00df Gott, sehr unterschiedlich sind.<\/p>\n\n\n\n<p>Das Bochumer Uni-Radio pr\u00e4gte mich. Mit Gr\u00fcndergeist, Teamwork und Spa\u00df an der Arbeit kann man auch als Studentin morgens um f\u00fcnf aufstehen, um die Fr\u00fchsendung zu moderieren.<\/p>\n\n\n\n<p>W\u00e4hrend und nach meiner Studienzeit arbeitete ich in drei Zeitungsredaktionen, zwei Lokalsendern und einem Fernsehsender und sog dort alles auf. Eine journalistische Ausbildung an der Journalistenschule Haus Busch vermittelte mir handwerkliche Kniffe und Feinheiten.<\/p>\n\n\n\n<p><\/p>\n\n\n\n<p>Dann bog ich in die Interne Kommunikation der Konzerne und Verb\u00e4nde ab, mit einem l\u00e4ngeren Ausflug ins Messemanagement. Weil mich aber die Sehnsucht, selbst Texte zu schreiben, nie losgelassen hat, konnte ich 2008 nicht l\u00e4nger im Projektmanagement sitzen und andere Schreibende und Gestaltende beauftragen, sondern wollte selber kreativ arbeiten.<\/p>\n\n\n\n<p><strong>2008 bis heute<\/strong><\/p>\n\n\n\n<p>Seitdem habe ich freiberuflich als Online-Redakteurin und SEO-Texterin gearbeitet, Brosch\u00fcren getextet, Slogans und Claims entwickelt sowie Pressemitteilungen geschrieben.<\/p>\n\n\n\n<p>Zusammen mit Grafikerinnen und Webdesigern aus meinem Netzwerk setze ich Ideen um, die Unternehmen und Verb\u00e4nde ins rechte Licht r\u00fccken.<\/p>\n\n\n\n<p>Meine Themen: Schweden, Schwedisch, das Ruhrgebiet, Psychologie &amp; Medizin, Soziales<\/p>\n\n\n\n<p><\/p>\n\n\n\n<p><\/p>\n","protected":false},"excerpt":{"rendered":"<p>Wie ich Texterin wurde 1994 \u2013 2008 Film- und Fernsehwissenschaften, amerikanische und skandinavische Literatur das waren meine Studienf\u00e4cher in Bochum und Stockholm. Und nach wie vor liebe ich beide St\u00e4dte, auch wenn sie, wei\u00df Gott, sehr unterschiedlich sind. Das Bochumer Uni-Radio pr\u00e4gte mich. Mit Gr\u00fcndergeist, Teamwork und Spa\u00df an der Arbeit kann man auch als [&hellip;]<\/p>\n","protected":false},"author":1,"featured_media":0,"parent":0,"menu_order":0,"comment_status":"closed","ping_status":"closed","template":"","meta":{"footnotes":""},"class_list":["post-29","page","type-page","status-publish","hentry"],"_links":{"self":[{"href":"https:\/\/www.verbalredaktion.de\/index.php?rest_route=\/wp\/v2\/pages\/29","targetHints":{"allow":["GET"]}}],"collection":[{"href":"https:\/\/www.verbalredaktion.de\/index.php?rest_route=\/wp\/v2\/pages"}],"about":[{"href":"https:\/\/www.verbalredaktion.de\/index.php?rest_route=\/wp\/v2\/types\/page"}],"author":[{"embeddable":true,"href":"https:\/\/www.verbalredaktion.de\/index.php?rest_route=\/wp\/v2\/users\/1"}],"replies":[{"embeddable":true,"href":"https:\/\/www.verbalredaktion.de\/index.php?rest_route=%2Fwp%2Fv2%2Fcomments&post=29"}],"version-history":[{"count":19,"href":"https:\/\/www.verbalredaktion.de\/index.php?rest_route=\/wp\/v2\/pages\/29\/revisions"}],"predecessor-version":[{"id":242,"href":"https:\/\/www.verbalredaktion.de\/index.php?rest_route=\/wp\/v2\/pages\/29\/revisions\/242"}],"wp:attachment":[{"href":"https:\/\/www.verbalredaktion.de\/index.php?rest_route=%2Fwp%2Fv2%2Fmedia&parent=29"}],"curies":[{"name":"wp","href":"https:\/\/api.w.org\/{rel}","templated":true}]}}

Über mich

<p><strong>Wie ich Texterin wurde</strong></p>



<p>1<strong>994 – 2008</strong></p>



<p>Film- und Fernsehwissenschaften, amerikanische und skandinavische Literatur das waren meine Studienfächer in Bochum und Stockholm. Und nach wie vor liebe ich beide Städte, auch wenn sie, weiß Gott, sehr unterschiedlich sind.</p>



<p>Das Bochumer Uni-Radio prägte mich. Mit Gründergeist, Teamwork und Spaß an der Arbeit kann man auch als Studentin morgens um fünf aufstehen, um die Frühsendung zu moderieren.</p>



<p>Während und nach meiner Studienzeit arbeitete ich in drei Zeitungsredaktionen, zwei Lokalsendern und einem Fernsehsender und sog dort alles auf. Eine journalistische Ausbildung an der Journalistenschule Haus Busch vermittelte mir handwerkliche Kniffe und Feinheiten.</p>



<p></p>



<p>Dann bog ich in die Interne Kommunikation der Konzerne und Verbände ab, mit einem längeren Ausflug ins Messemanagement. Weil mich aber die Sehnsucht, selbst Texte zu schreiben, nie losgelassen hat, konnte ich 2008 nicht länger im Projektmanagement sitzen und andere Schreibende und Gestaltende beauftragen, sondern wollte selber kreativ arbeiten.</p>



<p><strong>2008 bis heute</strong></p>



<p>Seitdem habe ich freiberuflich als Online-Redakteurin und SEO-Texterin gearbeitet, Broschüren getextet, Slogans und Claims entwickelt sowie Pressemitteilungen geschrieben.</p>



<p>Zusammen mit Grafikerinnen und Webdesigern aus meinem Netzwerk setze ich Ideen um, die Unternehmen und Verbände ins rechte Licht rücken.</p>



<p>Meine Themen: Schweden, Schwedisch, das Ruhrgebiet, Psychologie &amp; Medizin, Soziales</p>



<p></p>



<p></p>

<p>Wie ich Texterin wurde 1994 – 2008 Film- und Fernsehwissenschaften, amerikanische und skandinavische Literatur das waren meine Studienfächer in Bochum und Stockholm. Und nach wie vor liebe ich beide Städte, auch wenn sie, weiß Gott, sehr unterschiedlich sind. Das Bochumer Uni-Radio prägte mich. Mit Gründergeist, Teamwork und Spaß an der Arbeit kann man auch als [&hellip;]</p>
